{"id":197,"date":"2014-08-22T16:36:07","date_gmt":"2014-08-22T16:36:07","guid":{"rendered":"http:\/\/diadopsicologo.cfp.org.br\/?page_id=4"},"modified":"2014-08-22T16:36:07","modified_gmt":"2014-08-22T16:36:07","slug":"psicologiatododia","status":"publish","type":"page","link":"https:\/\/diadopsicologo.cfp.org.br\/?page_id=197","title":{"rendered":"#psicologiatododia"},"content":{"rendered":"<p>Nos \u00faltimos 52 anos a Psicologia evoluiu e, hoje, se mostra forte na ampla busca por contribui\u00e7\u00f5es para a viv\u00eancia em sociedade, qualidade de vida, garantia de Direitos Humanos e sociais, entre outras atua\u00e7\u00f5es.<\/p>\n<p>Por entender a extens\u00e3o da Psicologia e por ter, entre seus deveres, o ato de promover o reconhecimento da profiss\u00e3o, o Conselho Federal de Psicologia lan\u00e7a a campanha Psicologia Todo Dia.<\/p>\n<p>Queremos saber mais sobre a sua pr\u00e1tica profissional. Para isso, envie um v\u00eddeo com um relato sobre o seu cotidiano como profissional da Psicologia utilizando a tag #PsicologiaTodoDia no Instagram.<\/p>\n<p>Basta seguir os passos:<\/p>\n<p>1.\u00a0\u00a0\u00a0\u00a0\u00a0\u00a0\u00a0\u00a0\u00a0\u00a0\u00a0 Seguir o perfil do Conselho Federal de Psicologia &#8211; <strong><a href=\"http:\/\/instagram.com\/conselhofederaldepsicologia\" target=\"_blank\">@ConselhoFederaldePsicologia<\/a><\/strong>;<\/p>\n<p>2. \u00a0 \u00a0 \u00a0 \u00a0 \u00a0 Aderir ao <strong><a href=\"https:\/\/diadopsicologo.cfp.org.br\/?page_id=123\" target=\"_blank\">regulamento<\/a><\/strong> da a\u00e7\u00e3o.<\/p>\n<p>3.\u00a0\u00a0\u00a0\u00a0\u00a0\u00a0\u00a0\u00a0\u00a0\u00a0\u00a0 Gravar um v\u00eddeo, de at\u00e9 15 segundos, contando a sua pr\u00e1tica profissional;<\/p>\n<p>4.\u00a0\u00a0\u00a0\u00a0\u00a0\u00a0\u00a0\u00a0\u00a0\u00a0\u00a0 Publicar utilizando a tag #PsicologiaTodoDia.<\/p>\n<p>&nbsp;<\/p>\n<p>Os v\u00eddeos escolhidos pelo CFP entrar\u00e3o nesta p\u00e1gina.<\/p>\n<p>Psicologia:\u00a0 nos conectando aos outros e a n\u00f3s mesmos<\/p>\n<p>&nbsp;<\/p>\n","protected":false},"excerpt":{"rendered":"<p>Nos \u00faltimos 52 anos a Psicologia evoluiu e, hoje, se mostra forte na ampla busca por contribui\u00e7\u00f5es para a viv\u00eancia em sociedade, qualidade de vida, garantia de Direitos Humanos e sociais, entre outras atua\u00e7\u00f5es. Por entender a extens\u00e3o da Psicologia e por ter, entre seus deveres, o ato de promover o reconhecimento da profiss\u00e3o, o [&hellip;]<\/p>\n","protected":false},"author":22,"featured_media":0,"parent":0,"menu_order":0,"comment_status":"open","ping_status":"open","template":"","meta":{"footnotes":""},"class_list":["post-197","page","type-page","status-publish","hentry"],"_links":{"self":[{"href":"https:\/\/diadopsicologo.cfp.org.br\/index.php?rest_route=\/wp\/v2\/pages\/197","targetHints":{"allow":["GET"]}}],"collection":[{"href":"https:\/\/diadopsicologo.cfp.org.br\/index.php?rest_route=\/wp\/v2\/pages"}],"about":[{"href":"https:\/\/diadopsicologo.cfp.org.br\/index.php?rest_route=\/wp\/v2\/types\/page"}],"author":[{"embeddable":true,"href":"https:\/\/diadopsicologo.cfp.org.br\/index.php?rest_route=\/wp\/v2\/users\/22"}],"replies":[{"embeddable":true,"href":"https:\/\/diadopsicologo.cfp.org.br\/index.php?rest_route=%2Fwp%2Fv2%2Fcomments&post=197"}],"version-history":[{"count":0,"href":"https:\/\/diadopsicologo.cfp.org.br\/index.php?rest_route=\/wp\/v2\/pages\/197\/revisions"}],"wp:attachment":[{"href":"https:\/\/diadopsicologo.cfp.org.br\/index.php?rest_route=%2Fwp%2Fv2%2Fmedia&parent=197"}],"curies":[{"name":"wp","href":"https:\/\/api.w.org\/{rel}","templated":true}]}}

<p>Nos últimos 52 anos a Psicologia evoluiu e, hoje, se mostra forte na ampla busca por contribuições para a vivência em sociedade, qualidade de vida, garantia de Direitos Humanos e sociais, entre outras atuações.</p>
<p>Por entender a extensão da Psicologia e por ter, entre seus deveres, o ato de promover o reconhecimento da profissão, o Conselho Federal de Psicologia lança a campanha Psicologia Todo Dia.</p>
<p>Queremos saber mais sobre a sua prática profissional. Para isso, envie um vídeo com um relato sobre o seu cotidiano como profissional da Psicologia utilizando a tag #PsicologiaTodoDia no Instagram.</p>
<p>Basta seguir os passos:</p>
<p>1.            Seguir o perfil do Conselho Federal de Psicologia &#8211; <strong><a href="http://instagram.com/conselhofederaldepsicologia" target="_blank">@ConselhoFederaldePsicologia</a></strong>;</p>
<p>2.           Aderir ao <strong><a href="https://diadopsicologo.cfp.org.br/?page_id=123" target="_blank">regulamento</a></strong> da ação.</p>
<p>3.            Gravar um vídeo, de até 15 segundos, contando a sua prática profissional;</p>
<p>4.            Publicar utilizando a tag #PsicologiaTodoDia.</p>
<p>&nbsp;</p>
<p>Os vídeos escolhidos pelo CFP entrarão nesta página.</p>
<p>Psicologia:  nos conectando aos outros e a nós mesmos</p>
<p>&nbsp;</p>

<p>Nos últimos 52 anos a Psicologia evoluiu e, hoje, se mostra forte na ampla busca por contribuições para a vivência em sociedade, qualidade de vida, garantia de Direitos Humanos e sociais, entre outras atuações. Por entender a extensão da Psicologia e por ter, entre seus deveres, o ato de promover o reconhecimento da profissão, o [&hellip;]</p>
