{"id":234,"date":"2014-08-27T21:36:22","date_gmt":"2014-08-28T00:36:22","guid":{"rendered":"http:\/\/diadopsicologo.cfp.org.br\/?page_id=234"},"modified":"2018-03-22T16:40:11","modified_gmt":"2018-03-22T19:40:11","slug":"em-comemoracao-ao-dia-doa-psicologoa-confira-o-debate-o-papel-do-a-psicologo-a-no-mundo-contemporaneo-familia-sociedade-e-trabalho","status":"publish","type":"page","link":"https:\/\/diadopsicologo.cfp.org.br\/?page_id=234","title":{"rendered":"Assista aqui o debate  \u201cO papel do (a) psic\u00f3logo (a) no mundo contempor\u00e2neo \u2013 fam\u00edlia, sociedade e trabalho\u201d"},"content":{"rendered":"<p><iframe loading=\"lazy\" src=\"\/\/www.youtube.com\/embed\/tYe0g5wP2P0?showinfo=0&amp;hd=1&amp;rel=0\" width=\"939\" height=\"450\" frameborder=\"0\" allowfullscreen=\"allowfullscreen\"><\/iframe><\/p>\n<h2>Debatedores<\/h2>\n<p><strong>Adriano Lemos Peixoto<\/strong><\/p>\n<p><a href=\"https:\/\/diadopsicologo.cfp.org.br\/wp-content\/uploads\/sites\/14\/2014\/08\/Adriano-Peixoto.png\"><img loading=\"lazy\" decoding=\"async\" class=\"alignleft wp-image-88 size-thumbnail\" src=\"https:\/\/diadopsicologo.cfp.org.br\/wp-content\/uploads\/sites\/14\/2014\/08\/Adriano-Peixoto-150x150.png\" alt=\"Adriano Peixoto\" width=\"150\" height=\"150\" \/><\/a>Possui gradua\u00e7\u00e3o em Administra\u00e7\u00e3o pela Universidade Salvador (1989), gradua\u00e7\u00e3o em Psicologia pela Universidade Federal da Bahia (1999), mestrado em Administra\u00e7\u00e3o pela Universidade Federal da Bahia (2003) e doutorado em Psicologia \u2013 pelo Instituto de Psicologia do Trabalho da Universidade de Sheffield, Inglaterra (2008). Gestor de empresas por mais de 20 anos, tem experi\u00eancia como Psic\u00f3logo Organizacional e do Trabalho nas seguintes \u00e1reas: gest\u00e3o de pessoas, gest\u00e3o do trabalho, gest\u00e3o no setor hoteleiro e gest\u00e3o universit\u00e1ria. Presidente da SBPOT \u2013 Sociedade Brasileira de Psicologia Organizacional e do Trabalho para o per\u00edodo de 2014-2016.<\/p>\n<p>&nbsp;<\/p>\n<p><strong>Hartmut G\u00fcnther<\/strong><\/p>\n<p><a href=\"https:\/\/diadopsicologo.cfp.org.br\/wp-content\/uploads\/sites\/14\/2014\/08\/hartmut-gunther.jpg\"><img loading=\"lazy\" decoding=\"async\" class=\"alignleft size-thumbnail wp-image-89\" src=\"https:\/\/diadopsicologo.cfp.org.br\/wp-content\/uploads\/sites\/14\/2014\/08\/hartmut-gunther-150x150.jpg\" alt=\"hartmut-gunther\" width=\"150\" height=\"150\" \/><\/a>Estudou psicologia nas universidades de Hamburg, Alemanha (1966-67) e de Marburg, Alemanha (1967-68) e possui gradua\u00e7\u00e3o em Psicologia pelo Albion College, Michigan, EUA (1969). Realizou mestrado em Psicologia Experimental (AEC) na Western Michigan University (1970) e doutorado em Psicologia Social na University of California at Davis (1975). Atualmente \u00e9 professor titular e diretor do Instituto de Psicologia da Universidade de Bras\u00edlia, onde ensina Psicologia Ambiental, Psicologia Social, Planejamento de Pesquisa e M\u00e9todos Inferenciais. Realiza pesquisas no campo de Psicologia Ambiental, especialmente sobre qualidade de vida urbana e Psicologia do Tr\u00e2nsito.<\/p>\n<p>&nbsp;<\/p>\n<p><strong>Julia Bucher-Maluschke<\/strong><\/p>\n<p><a href=\"https:\/\/diadopsicologo.cfp.org.br\/wp-content\/uploads\/sites\/14\/2014\/08\/JuliaMenor.jpg\"><img loading=\"lazy\" decoding=\"async\" class=\"alignleft size-thumbnail wp-image-90\" src=\"https:\/\/diadopsicologo.cfp.org.br\/wp-content\/uploads\/sites\/14\/2014\/08\/JuliaMenor-150x150.jpg\" alt=\"JuliaMenor\" width=\"150\" height=\"150\" srcset=\"https:\/\/diadopsicologo.cfp.org.br\/wp-content\/uploads\/sites\/14\/2014\/08\/JuliaMenor-150x150.jpg 150w, https:\/\/diadopsicologo.cfp.org.br\/wp-content\/uploads\/sites\/14\/2014\/08\/JuliaMenor.jpg 169w\" sizes=\"auto, (max-width: 150px) 100vw, 150px\" \/><\/a>Graduou-se em Filosofia pela Pontif\u00edcia Universidade Cat\u00f3lica do Rio de Janeiro (1964), fez mestrado em Ci\u00eancias Familiares e Sexol\u00f3gicas \u2013 Universite Catholique de Louvain (1969) e doutorado em Ci\u00eancias Familiares e Sexol\u00f3gicas \u2013 Universite Catholique de Louvain (1975). Conquistou o t\u00edtulo de Psic\u00f3loga pela Universidade de Bras\u00edlia (1976). Foi professora titular da Universidade de Fortaleza. Especializou-se em Terapia Familiar. Realizou p\u00f3s-doutorado nos Estados Unidos \u2013 St Johns University (NY 1988), e na Alemanha \u2013 Universitat T\u00fcbingen (Tubingen, 1996). Foi considerada professora em\u00e9rita da Universidade de Bras\u00edlia em 2006. Atuou em Psicologia com \u00eanfase em Tratamento e Preven\u00e7\u00e3o Psicol\u00f3gica, principalmente nos seguintes temas: fam\u00edlia, sexualidade, processos de desenvolvimento e promo\u00e7\u00e3o da sa\u00fade. Atualmente \u00e9 professora na Universidade Cat\u00f3lica de Bras\u00edlia e Pesquisadora Colaboradora da Universidade de Bras\u00edlia. Coordena, ainda, o Grupo de Trabalho: Fam\u00edlia, Processos de desenvolvimento e Promo\u00e7\u00e3o da Sa\u00fade da ANPEPP \u2013 Associa\u00e7\u00e3o Nacional de Pesquisa e P\u00f3s-gradua\u00e7\u00e3o em Psicologia.<\/p>\n<p>&nbsp;<\/p>\n<h2>Moderador<\/h2>\n<p><strong>Roberto Moraes Cruz<\/strong><\/p>\n<p><a href=\"https:\/\/diadopsicologo.cfp.org.br\/wp-content\/uploads\/sites\/14\/2014\/08\/roberto-cruz.jpg\"><img loading=\"lazy\" decoding=\"async\" class=\"alignleft size-thumbnail wp-image-93\" src=\"https:\/\/diadopsicologo.cfp.org.br\/wp-content\/uploads\/sites\/14\/2014\/08\/roberto-cruz-150x150.jpg\" alt=\"roberto-cruz\" width=\"150\" height=\"150\" \/><\/a>Psic\u00f3logo desde 1990, \u00e9 especialista em Avalia\u00e7\u00e3o Psicol\u00f3gica, Ergonomia e Gest\u00e3o de<br \/>\nRecursos Humanos, mestre em Educa\u00e7\u00e3o e Trabalho (UFBa.,1996) e Doutor em Engenharia de Produ\u00e7\u00e3o \u2013 Ergonomia (UFSC-CNAM-Paris, 2001). Fez p\u00f3s-doutorado em M\u00e9todos e Diagn\u00f3stico (Univ. Barcelona, 2010). Foi relator e presidente, respectivamente do I e II Congresso Nacional da Psicologia, vice-presidente do Conselho Regional de Psicologia \u2013 3\u00aa Regi\u00e3o de 1992 a 1995, secret\u00e1rio do Conselho Federal de Psicologia (1996-1997), Presidente da Associa\u00e7\u00e3o Brasileira de Psicologia Jur\u00eddica (2009-2011), Coordenador do curso e vice-chefe de Departamento do Psicologia da UFSC (2001-2002) e subdiretor para a Am\u00e9rica Latina da Revista Electr\u00f3nica de Investigaci\u00f3n y Docencia (REID). Atualmente \u00e9 professor e pesquisador do Departamento e do Programa de P\u00f3s-Gradua\u00e7\u00e3o em Psicologia da Universidade Federal de Santa Catarina, l\u00edder do Laborat\u00f3rio Fator Humano (UFSC) e pesquisador do N\u00facleo de Pesquisa em Neuropsicologia e Sa\u00fade. Tamb\u00e9m \u00e9 autor de livros e artigos cient\u00edficos no \u00e2mbito da Avalia\u00e7\u00e3o Psicol\u00f3gica, Psicologia da Sa\u00fade e do Trabalho, Psicologia Jur\u00eddica e do Tr\u00e2nsito; assessor em projetos de investiga\u00e7\u00e3o de perfil de agravos \u00e0 sa\u00fade de trabalhadores e gest\u00e3o da sa\u00fade no trabalho em diferentes institui\u00e7\u00f5es p\u00fablicas e privadas; e perito psic\u00f3logo no \u00e2mbito do direito c\u00edvel e do trabalho.<\/p>\n","protected":false},"excerpt":{"rendered":"<p>Debatedores Adriano Lemos Peixoto Possui gradua\u00e7\u00e3o em Administra\u00e7\u00e3o pela Universidade Salvador (1989), gradua\u00e7\u00e3o em Psicologia pela Universidade Federal da Bahia (1999), mestrado em Administra\u00e7\u00e3o pela Universidade Federal da Bahia (2003) e doutorado em Psicologia \u2013 pelo Instituto de Psicologia do Trabalho da Universidade de Sheffield, Inglaterra (2008). Gestor de empresas por mais de 20 anos, [&hellip;]<\/p>\n","protected":false},"author":1,"featured_media":0,"parent":0,"menu_order":0,"comment_status":"open","ping_status":"open","template":"","meta":{"footnotes":""},"class_list":["post-234","page","type-page","status-publish","hentry"],"_links":{"self":[{"href":"https:\/\/diadopsicologo.cfp.org.br\/index.php?rest_route=\/wp\/v2\/pages\/234","targetHints":{"allow":["GET"]}}],"collection":[{"href":"https:\/\/diadopsicologo.cfp.org.br\/index.php?rest_route=\/wp\/v2\/pages"}],"about":[{"href":"https:\/\/diadopsicologo.cfp.org.br\/index.php?rest_route=\/wp\/v2\/types\/page"}],"author":[{"embeddable":true,"href":"https:\/\/diadopsicologo.cfp.org.br\/index.php?rest_route=\/wp\/v2\/users\/1"}],"replies":[{"embeddable":true,"href":"https:\/\/diadopsicologo.cfp.org.br\/index.php?rest_route=%2Fwp%2Fv2%2Fcomments&post=234"}],"version-history":[{"count":0,"href":"https:\/\/diadopsicologo.cfp.org.br\/index.php?rest_route=\/wp\/v2\/pages\/234\/revisions"}],"wp:attachment":[{"href":"https:\/\/diadopsicologo.cfp.org.br\/index.php?rest_route=%2Fwp%2Fv2%2Fmedia&parent=234"}],"curies":[{"name":"wp","href":"https:\/\/api.w.org\/{rel}","templated":true}]}}

Assista aqui o debate  “O papel do (a) psicólogo (a) no mundo contemporâneo – família, sociedade e trabalho”

<p><iframe loading="lazy" src="//www.youtube.com/embed/tYe0g5wP2P0?showinfo=0&amp;hd=1&amp;rel=0" width="939" height="450" frameborder="0" allowfullscreen="allowfullscreen"></iframe></p>
<h2>Debatedores</h2>
<p><strong>Adriano Lemos Peixoto</strong></p>
<p><a href="https://diadopsicologo.cfp.org.br/wp-content/uploads/sites/14/2014/08/Adriano-Peixoto.png"><img loading="lazy" decoding="async" class="alignleft wp-image-88 size-thumbnail" src="https://diadopsicologo.cfp.org.br/wp-content/uploads/sites/14/2014/08/Adriano-Peixoto-150x150.png" alt="Adriano Peixoto" width="150" height="150" /></a>Possui graduação em Administração pela Universidade Salvador (1989), graduação em Psicologia pela Universidade Federal da Bahia (1999), mestrado em Administração pela Universidade Federal da Bahia (2003) e doutorado em Psicologia – pelo Instituto de Psicologia do Trabalho da Universidade de Sheffield, Inglaterra (2008). Gestor de empresas por mais de 20 anos, tem experiência como Psicólogo Organizacional e do Trabalho nas seguintes áreas: gestão de pessoas, gestão do trabalho, gestão no setor hoteleiro e gestão universitária. Presidente da SBPOT – Sociedade Brasileira de Psicologia Organizacional e do Trabalho para o período de 2014-2016.</p>
<p>&nbsp;</p>
<p><strong>Hartmut Günther</strong></p>
<p><a href="https://diadopsicologo.cfp.org.br/wp-content/uploads/sites/14/2014/08/hartmut-gunther.jpg"><img loading="lazy" decoding="async" class="alignleft size-thumbnail wp-image-89" src="https://diadopsicologo.cfp.org.br/wp-content/uploads/sites/14/2014/08/hartmut-gunther-150x150.jpg" alt="hartmut-gunther" width="150" height="150" /></a>Estudou psicologia nas universidades de Hamburg, Alemanha (1966-67) e de Marburg, Alemanha (1967-68) e possui graduação em Psicologia pelo Albion College, Michigan, EUA (1969). Realizou mestrado em Psicologia Experimental (AEC) na Western Michigan University (1970) e doutorado em Psicologia Social na University of California at Davis (1975). Atualmente é professor titular e diretor do Instituto de Psicologia da Universidade de Brasília, onde ensina Psicologia Ambiental, Psicologia Social, Planejamento de Pesquisa e Métodos Inferenciais. Realiza pesquisas no campo de Psicologia Ambiental, especialmente sobre qualidade de vida urbana e Psicologia do Trânsito.</p>
<p>&nbsp;</p>
<p><strong>Julia Bucher-Maluschke</strong></p>
<p><a href="https://diadopsicologo.cfp.org.br/wp-content/uploads/sites/14/2014/08/JuliaMenor.jpg"><img loading="lazy" decoding="async" class="alignleft size-thumbnail wp-image-90" src="https://diadopsicologo.cfp.org.br/wp-content/uploads/sites/14/2014/08/JuliaMenor-150x150.jpg" alt="JuliaMenor" width="150" height="150" srcset="https://diadopsicologo.cfp.org.br/wp-content/uploads/sites/14/2014/08/JuliaMenor-150x150.jpg 150w, https://diadopsicologo.cfp.org.br/wp-content/uploads/sites/14/2014/08/JuliaMenor.jpg 169w" sizes="auto, (max-width: 150px) 100vw, 150px" /></a>Graduou-se em Filosofia pela Pontifícia Universidade Católica do Rio de Janeiro (1964), fez mestrado em Ciências Familiares e Sexológicas – Universite Catholique de Louvain (1969) e doutorado em Ciências Familiares e Sexológicas – Universite Catholique de Louvain (1975). Conquistou o título de Psicóloga pela Universidade de Brasília (1976). Foi professora titular da Universidade de Fortaleza. Especializou-se em Terapia Familiar. Realizou pós-doutorado nos Estados Unidos – St Johns University (NY 1988), e na Alemanha – Universitat Tübingen (Tubingen, 1996). Foi considerada professora emérita da Universidade de Brasília em 2006. Atuou em Psicologia com ênfase em Tratamento e Prevenção Psicológica, principalmente nos seguintes temas: família, sexualidade, processos de desenvolvimento e promoção da saúde. Atualmente é professora na Universidade Católica de Brasília e Pesquisadora Colaboradora da Universidade de Brasília. Coordena, ainda, o Grupo de Trabalho: Família, Processos de desenvolvimento e Promoção da Saúde da ANPEPP – Associação Nacional de Pesquisa e Pós-graduação em Psicologia.</p>
<p>&nbsp;</p>
<h2>Moderador</h2>
<p><strong>Roberto Moraes Cruz</strong></p>
<p><a href="https://diadopsicologo.cfp.org.br/wp-content/uploads/sites/14/2014/08/roberto-cruz.jpg"><img loading="lazy" decoding="async" class="alignleft size-thumbnail wp-image-93" src="https://diadopsicologo.cfp.org.br/wp-content/uploads/sites/14/2014/08/roberto-cruz-150x150.jpg" alt="roberto-cruz" width="150" height="150" /></a>Psicólogo desde 1990, é especialista em Avaliação Psicológica, Ergonomia e Gestão de<br />
Recursos Humanos, mestre em Educação e Trabalho (UFBa.,1996) e Doutor em Engenharia de Produção – Ergonomia (UFSC-CNAM-Paris, 2001). Fez pós-doutorado em Métodos e Diagnóstico (Univ. Barcelona, 2010). Foi relator e presidente, respectivamente do I e II Congresso Nacional da Psicologia, vice-presidente do Conselho Regional de Psicologia – 3ª Região de 1992 a 1995, secretário do Conselho Federal de Psicologia (1996-1997), Presidente da Associação Brasileira de Psicologia Jurídica (2009-2011), Coordenador do curso e vice-chefe de Departamento do Psicologia da UFSC (2001-2002) e subdiretor para a América Latina da Revista Electrónica de Investigación y Docencia (REID). Atualmente é professor e pesquisador do Departamento e do Programa de Pós-Graduação em Psicologia da Universidade Federal de Santa Catarina, líder do Laboratório Fator Humano (UFSC) e pesquisador do Núcleo de Pesquisa em Neuropsicologia e Saúde. Também é autor de livros e artigos científicos no âmbito da Avaliação Psicológica, Psicologia da Saúde e do Trabalho, Psicologia Jurídica e do Trânsito; assessor em projetos de investigação de perfil de agravos à saúde de trabalhadores e gestão da saúde no trabalho em diferentes instituições públicas e privadas; e perito psicólogo no âmbito do direito cível e do trabalho.</p>

<p>Debatedores Adriano Lemos Peixoto Possui graduação em Administração pela Universidade Salvador (1989), graduação em Psicologia pela Universidade Federal da Bahia (1999), mestrado em Administração pela Universidade Federal da Bahia (2003) e doutorado em Psicologia – pelo Instituto de Psicologia do Trabalho da Universidade de Sheffield, Inglaterra (2008). Gestor de empresas por mais de 20 anos, [&hellip;]</p>
