{"id":30,"date":"2014-08-24T17:54:16","date_gmt":"2014-08-24T17:54:16","guid":{"rendered":"http:\/\/diadopsicologo.cfp.org.br\/?page_id=30"},"modified":"2014-08-24T17:54:16","modified_gmt":"2014-08-24T17:54:16","slug":"cadastramento-de-sites","status":"publish","type":"page","link":"https:\/\/diadopsicologo.cfp.org.br\/?page_id=30","title":{"rendered":"Cadastramento de sites"},"content":{"rendered":"<p>O (a) psic\u00f3logo (a) que desejar realizar servi\u00e7os psicol\u00f3gicos por meios tecnol\u00f3gicos de comunica\u00e7\u00e3o a dist\u00e2ncia, dever\u00e1 seguir o previsto na Resolu\u00e7\u00e3o CFP n\u00ba11\/2012, que estabelece as diretrizes para a presta\u00e7\u00e3o deste servi\u00e7o.<\/p>\n<p>O atendimento psicoterap\u00eautico \u00e9 permitido exclusivamente em car\u00e1ter experimental, sendo necess\u00e1rio, para tanto, apresentar o certificado de aprova\u00e7\u00e3o do protocolo em Comit\u00ea de \u00c9tica em Pesquisa, conforme os crit\u00e9rios do Conselho Nacional de Sa\u00fade (CNS) do Minist\u00e9rio da Sa\u00fade, al\u00e9m de respeitar o C\u00f3digo de \u00c9tica do (a) Profissional Psic\u00f3logo (a).<\/p>\n<p>Destacam-se, dentre os servi\u00e7os previstos na Resolu\u00e7\u00e3o CFP n\u00ba 11\/2012, os seguintes:<\/p>\n<p>Orienta\u00e7\u00f5es psicol\u00f3gicas de diferentes tipos, entendendo-se como atendimento realizado em at\u00e9 20 encontros ou contatos virtuais, s\u00edncronos ou ass\u00edncronos;<\/p>\n<p>Processos pr\u00e9vios de Sele\u00e7\u00e3o de Pessoal;<\/p>\n<p>Aplica\u00e7\u00e3o de testes devidamente regulamentados por resolu\u00e7\u00e3o pertinente;<\/p>\n<p>Supervis\u00e3o do trabalho de psic\u00f3logos (as), realizada de forma eventual ou complementar ao processo de sua forma\u00e7\u00e3o profissional presencial;<\/p>\n<p>Atendimento eventual de clientes em tr\u00e2nsito e\/ou de clientes que momentaneamente se encontrem impossibilitados de comparecer ao atendimento presencial.<\/p>\n<h2>Procedimentos<\/h2>\n<p>Os (as) psic\u00f3logos (as) que desejam cadastrar sites para realizar orienta\u00e7\u00f5es online precisam preencher o formul\u00e1rio dispon\u00edvel em \u201cNovo cadastro\u201d no endere\u00e7o eletr\u00f4nico <a href=\"http:\/\/cadastrosite.cfp.org.br\" target=\"_blank\">http:\/\/cadastrosite.cfp.org.br<\/a><\/p>\n<p>\u00c9 importante que, ao realizar o cadastro do site, este esteja em pleno funcionamento e, preferencialmente, que n\u00e3o se fa\u00e7am mais altera\u00e7\u00f5es, salvo as solicitadas pelo Sistema Conselhos de Psicologia durante o processo. No entanto, s\u00f3 \u00e9 permitido come\u00e7ar os servi\u00e7os psicol\u00f3gicos online ap\u00f3s a aprova\u00e7\u00e3o do site.<\/p>\n<p>Na Cartilha do Sistema de Cadastro de Sites, dispon\u00edvel em<a href=\"http:\/\/cadastrosite.cfp.org.br\" target=\"_blank\"> http:\/\/cadastrosite.cfp.org.br\/<\/a>, no t\u00f3pico \u201cQuais Par\u00e2metros ser\u00e3o utilizados para avalia\u00e7\u00e3o dos sites?\u201d, o profissional poder\u00e1 visualizar as informa\u00e7\u00f5es que devem constar no site para fins de cadastro.<\/p>\n<p><strong>Leia mais em: <\/strong><\/p>\n<p><a href=\"http:\/\/site.cfp.org.br\/resolucoes\/resolucao-cfp-no-0112012\/\" target=\"_blank\">Resolu\u00e7\u00e3o n\u00b0 11\/2012<\/a><\/p>\n<p><a href=\"http:\/\/cadastrosite.cfp.org.br\/\" target=\"_blank\">http:\/\/cadastrosite.cfp.org.br\/<\/a><\/p>\n<p><a href=\"http:\/\/cadastrosite.cfp.org.br\/docs\/cartilha.pdf\" target=\"_blank\">Cartilha Sistema de Cadastro de Sites &#8211; Servi\u00e7os psicol\u00f3gicos online: nova ferramenta de cadastro<\/a><\/p>\n","protected":false},"excerpt":{"rendered":"<p>O (a) psic\u00f3logo (a) que desejar realizar servi\u00e7os psicol\u00f3gicos por meios tecnol\u00f3gicos de comunica\u00e7\u00e3o a dist\u00e2ncia, dever\u00e1 seguir o previsto na Resolu\u00e7\u00e3o CFP n\u00ba11\/2012, que estabelece as diretrizes para a presta\u00e7\u00e3o deste servi\u00e7o. O atendimento psicoterap\u00eautico \u00e9 permitido exclusivamente em car\u00e1ter experimental, sendo necess\u00e1rio, para tanto, apresentar o certificado de aprova\u00e7\u00e3o do protocolo em Comit\u00ea [&hellip;]<\/p>\n","protected":false},"author":22,"featured_media":0,"parent":0,"menu_order":0,"comment_status":"open","ping_status":"open","template":"","meta":{"footnotes":""},"class_list":["post-30","page","type-page","status-publish","hentry"],"_links":{"self":[{"href":"https:\/\/diadopsicologo.cfp.org.br\/index.php?rest_route=\/wp\/v2\/pages\/30","targetHints":{"allow":["GET"]}}],"collection":[{"href":"https:\/\/diadopsicologo.cfp.org.br\/index.php?rest_route=\/wp\/v2\/pages"}],"about":[{"href":"https:\/\/diadopsicologo.cfp.org.br\/index.php?rest_route=\/wp\/v2\/types\/page"}],"author":[{"embeddable":true,"href":"https:\/\/diadopsicologo.cfp.org.br\/index.php?rest_route=\/wp\/v2\/users\/22"}],"replies":[{"embeddable":true,"href":"https:\/\/diadopsicologo.cfp.org.br\/index.php?rest_route=%2Fwp%2Fv2%2Fcomments&post=30"}],"version-history":[{"count":0,"href":"https:\/\/diadopsicologo.cfp.org.br\/index.php?rest_route=\/wp\/v2\/pages\/30\/revisions"}],"wp:attachment":[{"href":"https:\/\/diadopsicologo.cfp.org.br\/index.php?rest_route=%2Fwp%2Fv2%2Fmedia&parent=30"}],"curies":[{"name":"wp","href":"https:\/\/api.w.org\/{rel}","templated":true}]}}